True
Is 739267 a prime number?
False
Is 4036879703 prime?
True
Is 36883428986 a composite number?
True
Is 4014595693 prime?
False
Is 7889125477 a composite number?
False
Is 8885930267 a composite number?
False
Is 566791 composite?
False
Is 17229441683 a prime number?
True
Is 126923852309 prime?
True
Is 744205193 prime?
True
Is 15432492841 a prime number?
False
Is 12235025017 a prime number?
True
Is 257933495 prime?
False
Is 601058459 prime?
False
Is 897487441 prime?
True
Is 64883734991 composite?
False
Is 7290870127 prime?
True
Is 13455902153 a prime number?
True
Is 571918227 a prime number?
False
Is 5724074933 prime?
False
Is 2608376083 prime?
True
Is 296721908339 composite?
False
Is 75840585923 a composite number?
True
Is 10462251119 a composite number?
False
Is 2105933899 composite?
True
Is 1927792919 a composite number?
True
Is 715109771 a composite number?
True
Is 2962755245 a prime number?
False
Is 89829199 a composite number?
False
Is 683157353 prime?
True
Is 1442656309 prime?
False
Is 7745904611 prime?
False
Is 511368127 a composite number?
False
Is 3723409553 composite?
True
Is 22641623377 composite?
False
Is 6099589079 a composite number?
False
Is 4556566237 a prime number?
True
Is 22687150637 a composite number?
False
Is 10926257777 a prime number?
True
Is 86159111449 a prime number?
True
Is 3390601651 a prime number?
True
Is 123728827333 a prime number?
False
Is 22354400747 a prime number?
False
Is 489637858 prime?
False
Is 120525187 a composite number?
True
Is 7385131639 a prime number?
True
Is 6568884921 a composite number?
True
Is 79653884995 a composite number?
True
Is 285074961331 composite?
True
Is 63179816203 a prime number?
False
Is 922849507 prime?
True
Is 447866897 prime?
False
Is 347918513 composite?
True
Is 195226111 prime?
False
Is 1132645931 a composite number?
False
Is 135389999 composite?
False
Is 1222375619 a prime number?
False
Is 689614703 prime?
True
Is 2177965241 a composite number?
False
Is 49559315917 a composite number?
False
Is 29455041223 prime?
True
Is 19602118663 composite?
True
Is 440829409 prime?
True
Is 1783924829 a prime number?
True
Is 55812021719 prime?
True
Is 455123863 prime?
False
Is 1882078433 a prime number?
False
Is 568371907 composite?
True
Is 72992801491 composite?
False
Is 136308846281 prime?
True
Is 589634063 prime?
False
Is 2861419373 a composite number?
True
Is 3786538111 composite?
True
Is 301956559 a composite number?
True
Is 15666482023 prime?
False
Is 321760349 prime?
False
Is 894940055 a composite number?
True
Is 101936716163 prime?
False
Is 1664972863 composite?
False
Is 6948441809 a composite number?
False
Is 7862233223 prime?
False
Is 29275784339 prime?
True
Is 80302063 a composite number?
True
Is 9324446369 prime?
False
Is 334255591 a composite number?
True
Is 4563290791 a composite number?
True
Is 142858855 composite?
True
Is 120548047 composite?
False
Is 132633903749 a composite number?
False
Is 1625668703 a prime number?
False
Is 833383259 a composite number?
True
Is 252791092693 a composite number?
False
Is 13807007681 a prime number?
True
Is 1686104443 a composite number?
False
Is 307755526501 a composite number?
False
Is 230254933 composite?
False
Is 75291992717 prime?
False
Is 47376499 prime?
True
Is 19781085293 composite?
True
Is 7202225783 a composite number?
False
Is 68987726161 composite?
True
Is 4884364007 composite?
False
Is 35367598547 composite?
False
Is 2818346317 a prime number?
True
Is 17401253399 prime?
True
Is 937764137 prime?
True
Is 862310861 a composite number?
False
Is 4162100383 composite?
True
Is 473782883 prime?
False
Is 7322669 a prime number?
True
Is 868693229 a prime number?
True
Is 40571013763 a composite number?
True
Is 2595815801 prime?
False
Is 65688881 a composite number?
False
Is 55596599519 composite?
True
Is 49282216373 composite?
True
Is 2734058387 a composite number?
False
Is 372030493 composite?
False
Is 404537867 a composite number?
False
Is 30385227349 composite?
True
Is 26546636769 a prime number?
False
Is 18397333 a prime number?
True
Is 28524695315 a composite number?
True
Is 26073452971 prime?
True
Is 716199991 composite?
True
Is 2209044487 a composite number?
True
Is 106240518043 a prime number?
False
Is 22650125402 a prime number?
False
Is 17235014087 a composite number?
True
Is 1423366897 composite?
True
Is 45511483 prime?
True
Is 4300667093 a prime number?
True
Is 17912814261 prime?
False
Is 2030204149 a prime number?
True
Is 72405337241 composite?
True
Is 825528307 composite?
False
Is 10225352261 a composite number?
False
Is 724501957 a composite number?
True
Is 7137682493 prime?
True
Is 76644811317 composite?
True
Is 2189516983 composite?
True
Is 50555485963 composite?
False
Is 1383877081 prime?
False
Is 44247166402 composite?
True
Is 392929307 a composite number?
True
Is 413763223 prime?
True
Is 4187082589 a prime number?
True
Is 29382002519 prime?
True
Is 4458375947 a composite number?
False
Is 9798206753 a composite number?
False
Is 979498859 a prime number?
True
Is 32615853143 a composite number?
False
Is 42875523469 composite?
True
Is 117201787 composite?
True
Is 1201007489 prime?
False
Is 64495051483 prime?
False
Is 384620651 a prime number?
False
Is 2559182173 a composite number?
False
Is 27781833 prime?
False
Is 1238628253 a prime number?
False
Is 13036574127 prime?
False
Is 15509860517 composite?
False
Is 261207863 a prime number?
False
Is 4808790673 prime?
True
Is 923043962 prime?
False
Is 16687537 composite?
False
Is 2601297679 prime?
False
Is 331740557 prime?
False
Is 2301431383 composite?
True
Is 22729948853 prime?
False
Is 15299459185 a composite number?
True
Is 121029049609 composite?
True
Is 5035127287 a prime number?
True
Is 63347350061 a prime number?
False
Is 17788914289 prime?
True
Is 759521963 a prime number?
True
Is 575237879 composite?
True
Is 3970699019 composite?
True
Is 74020907 a prime number?
False
Is 192487501 a prime number?
False
Is 352189691 prime?
False
Is 6799187903 composite?
False
Is 1922320997 prime?
True
Is 18179101973 composite?
False
Is 19163112679 composite?
True
Is 40016281 a composite number?
False
Is 1059258181 a prime number?
False
Is 11200401809 prime?
True
Is 9363121489 a prime number?
True
Is 60243817961 a prime number?
False
Is 46711170829 a prime number?
True
Is 6370359047 composite?
True
Is 1470732797 composite?
True
Is 3756905057 composite?
True
Is 965895391 a composite number?
True
Is 10892275729 prime?
False
Is 2735797589 composite?
True
Is 19678564327 a prime number?
True
Is 337677863 a composite number?
False
Is 489049657 a prime number?
True
Is 21733490687 a prime number?
True
Is 441853901 a composite number?
False
Is 10561744007 prime?
False
Is 6991266197 composite?
False
Is 58273020151 composite?
False
Is 61734857979 a prime number?
False
Is 826722991 composite?
True
Is 6019792199 composite?
False
Is 823764917 prime?
False
Is 21334097 prime?
False
Is 279969419 a composite number?
True
Is 1808720047 a composite number?
True
Is 3660227371 prime?
False
Is 20200239097 a composite number?
True
Is 35910634259 a composite number?
False
Is 320112943 a prime number?
False
Is 350846063 a composite number?
True
Is 27097028401 composite?
True
Is 649774409 prime?
False
Is 15082477619 a prime number?
False
Is 1095739 composite?
False
Is 45780898711 composite?
True
Is 7316220781 composite?
True
Is 198025819 prime?
True
Is 2583538039 composite?
True
Is 2008804162 composite?
True
Is 20788666607 composite?
True
Is 94053677821 prime?
True
Is 6196247873 composite?
True
Is 449131783 composite?
False
Is 1510483187 composite?
True
Is 2575634423 a composite number?
False
Is 2790248807 prime?
True
Is 652585447 a composite number?
True
Is 422195233 prime?
False
Is 8224572247 a composite number?
False
Is 5147810797 prime?
False
Is 162763511 composite?
True
Is 4163024711 a composite number?
True
Is 2643385961 a composite number?
True
Is 42768674977 a prime number?
False
Is 167428830859 a prime number?
True
Is 630964739 composite?
False
Is 1368334486 prime?
False
Is 1120933511 prime?
True
Is 1782934105 composite?
True
Is 5918057381 prime?
False
Is 113149019 a prime number?
True
Is 387426133 a composite number?
True
Is 6016820063 prime?
True
Is 2292782189 a composite number?
True
Is 947917427